997 composite?
False
Is 54300853 composite?
True
Is 53996819 composite?
False
Is 49027879 a prime number?
False
Is 559400999 composite?
False
Is 3922223 a composite number?
True
Is 158893357 a composite number?
True
Is 70866907 composite?
True
Is 1416083 a prime number?
False
Is 1435443 a composite number?
True
Is 25472281 composite?
False
Is 35225077 a composite number?
False
Is 1810831 prime?
False
Is 323759 prime?
True
Is 3505585 prime?
False
Is 360457 a composite number?
False
Is 51453667 a composite number?
False
Is 71892559 a composite number?
False
Is 139957 a prime number?
False
Is 537104437 a prime number?
False
Is 281175473 prime?
True
Is 6727139 a prime number?
True
Is 56558581 prime?
True
Is 13719533 a prime number?
False
Is 449854943 a composite number?
True
Is 110544073 prime?
True
Is 4141247 composite?
True
Is 256544597 a composite number?
False
Is 2990957 prime?
True
Is 8905321 a prime number?
True
Is 153433898 a composite number?
True
Is 23143973 a prime number?
True
Is 2806361 composite?
False
Is 14969 prime?
True
Is 4201357 prime?
True
Is 431037617 prime?
True
Is 269580209 prime?
True
Is 1583999 a prime number?
True
Is 10063249 a prime number?
False
Is 14723677 prime?
False
Is 11550641 a composite number?
False
Is 4244927 a composite number?
False
Is 16162777 composite?
False
Is 52106 prime?
False
Is 60877433 a prime number?
True
Is 30223867 a prime number?
False
Is 11593619 composite?
True
Is 10603547 a composite number?
False
Is 13147949 a composite number?
False
Is 293102783 composite?
False
Is 164520847 composite?
False
Is 122556101 composite?
False
Is 15512779 prime?
True
Is 2482411 prime?
True
Is 7812722 composite?
True
Is 9723317 a prime number?
True
Is 769085 a prime number?
False
Is 3266147 a prime number?
True
Is 202977389 composite?
True
Is 2161979 prime?
False
Is 29605423 prime?
False
Is 820717 a prime number?
False
Is 39073421 a composite number?
True
Is 2177753 a prime number?
True
Is 116038823 a composite number?
True
Is 69118757 a composite number?
False
Is 77664766 a composite number?
True
Is 4985359 prime?
True
Is 13435102 prime?
False
Is 20465353 a composite number?
False
Is 12865493 composite?
False
Is 33093289 a composite number?
False
Is 756443 composite?
False
Is 32183 prime?
True
Is 13855747 prime?
True
Is 8301353 a prime number?
True
Is 2032127 composite?
True
Is 499127 composite?
False
Is 20215787 prime?
False
Is 15414887 a composite number?
False
Is 2923685 a composite number?
True
Is 33924197 composite?
True
Is 377443 a prime number?
False
Is 87339541 prime?
False
Is 199137487 a composite number?
True
Is 15867391 composite?
True
Is 497831 composite?
False
Is 3956831 a composite number?
False
Is 8248123 composite?
True
Is 221620141 a prime number?
True
Is 39524577 a composite number?
True
Is 4077751 a prime number?
True
Is 184157 prime?
True
Is 102796013 prime?
True
Is 53559277 composite?
True
Is 8729641 prime?
True
Is 1442579 composite?
False
Is 9207785 composite?
True
Is 45645307 composite?
True
Is 19092862 a composite number?
True
Is 2050877 prime?
True
Is 11490729 prime?
False
Is 30072257 prime?
True
Is 79777837 composite?
False
Is 139903487 prime?
True
Is 7066229 composite?
True
Is 40605317 composite?
True
Is 57467 a prime number?
True
Is 78249349 prime?
True
Is 173711317 prime?
False
Is 49369883 a prime number?
False
Is 81212141 prime?
True
Is 1409713 a prime number?
True
Is 10217761 composite?
False
Is 96839 prime?
False
Is 18612859 prime?
True
Is 97754149 a prime number?
False
Is 84509213 prime?
False
Is 40019117 a prime number?
False
Is 22155713 composite?
True
Is 193243 prime?
True
Is 410486401 composite?
True
Is 1494893 a prime number?
False
Is 18221953 composite?
False
Is 10615133 a composite number?
False
Is 2121653 a prime number?
True
Is 14130793 prime?
True
Is 562119067 composite?
False
Is 2439013 a prime number?
True
Is 24155423 prime?
False
Is 9674407 a composite number?
True
Is 22909859 a composite number?
True
Is 4703453 composite?
False
Is 92873213 prime?
True
Is 10854373 a composite number?
True
Is 136376497 a composite number?
False
Is 63179 composite?
False
Is 15028423 a composite number?
False
Is 1192278163 a composite number?
True
Is 1197901 composite?
False
Is 52734757 a prime number?
True
Is 1191719 prime?
True
Is 2863117 a prime number?
True
Is 12756797 a prime number?
True
Is 6584663 a prime number?
True
Is 139133569 composite?
True
Is 90705677 a prime number?
False
Is 4593283 prime?
True
Is 48571223 composite?
False
Is 10312153 a composite number?
True
Is 17340133 a composite number?
True
Is 1404163 a prime number?
True
Is 18424937 prime?
True
Is 2800253 composite?
True
Is 476040563 composite?
True
Is 5347603 composite?
True
Is 1299143 a composite number?
False
Is 4045549 prime?
True
Is 17344981 composite?
True
Is 33865589 composite?
False
Is 702641281 a composite number?
True
Is 4001863 a prime number?
True
Is 1902193 prime?
True
Is 53810237 a composite number?
True
Is 11151931 a prime number?
False
Is 5467303 a composite number?
False
Is 27456909 prime?
False
Is 6560227 a composite number?
False
Is 147446563 a prime number?
False
Is 432257 a prime number?
False
Is 154247267 a prime number?
True
Is 76083307 composite?
False
Is 373273 a composite number?
False
Is 54486791 a composite number?
False
Is 63200893 a composite number?
True
Is 1098841 prime?
False
Is 124211 a composite number?
True
Is 455713451 prime?
False
Is 6117599 composite?
False
Is 1140911 a composite number?
False
Is 6960823 a composite number?
False
Is 35100293 prime?
True
Is 92902213 composite?
False
Is 1960681699 a prime number?
True
Is 3575543 a prime number?
False
Is 11400311 prime?
False
Is 591935837 a prime number?
True
Is 193278511 a prime number?
False
Is 1272737 a composite number?
True
Is 8221313 a composite number?
False
Is 10295581 prime?
False
Is 32524871 prime?
False
Is 327599 a prime number?
True
Is 3616297 a prime number?
True
Is 17239559 composite?
False
Is 7633027 a prime number?
False
Is 14794609 composite?
False
Is 2437159 a prime number?
True
Is 24910147 prime?
False
Is 12724021 prime?
True
Is 13791313 composite?
True
Is 346562635 a composite number?
True
Is 19854157 a prime number?
True
Is 48970487 a prime number?
False
Is 4083823 composite?
True
Is 20993 a composite number?
True
Is 1257611 composite?
False
Is 41161 a composite number?
False
Is 17754401 a composite number?
True
Is 11331766 a prime number?
False
Is 753931 composite?
False
Is 5405567 prime?
False
Is 2044387 prime?
False
Is 16800341 prime?
True
Is 710189 prime?
True
Is 6027289 prime?
False
Is 2531761 a prime number?
True
Is 302541 a composite number?
True
Is 383088719 a composite number?
True
Is 486601 a prime number?
True
Is 180789194 prime?
False
Is 576670813 composite?
False
Is 1955047 a composite number?
False
Is 13376521 a composite number?
False
Is 8469397 composite?
False
Is 34354563 prime?
False
Is 56827279 prime?
True
Is 188360723 a prime number?
False
Is 190967 a composite number?
True
Is 72361 composite?
True
Is 2196559 prime?
True
Is 1575071 composite?
False
Is 4268489 a prime number?
False
Is 2189477 a prime number?
True
Is 14665355 prime?
False
Is 366504323 a prime number?
False
Is 30237157 composite?
True
Is 377303587 prime?
False
Is 323729579 a prime number?
False
Is 195668279 a prime number?
False
Is 28295558 composite?
True
Is 3003871 a composite number?
True
Is 2726149 prime?
True
Is 1047658 composite?
True
Is 49523 prime?
True
Is 5953259 a composite number?
True
Is 14085221 prime?
True
Is 3426113 a composite number?
False
Is 13127339 a prime number?
False
Is 524214101 a prime number?
True
Is 9600203 a prime number?
False
Is 38362823 composite?
False
Is 68139479 composite?
False
Is 3055559 a composite number?
True
Is 944183 a prime number?
False
Is 31429793 a composite number?
True
Is 51770687 a prime number?
False
Is 8842789 prime?
False
Is 27222799 a composite number?
False
Is 5025271 a prime number?
False
Is 29252863 composite?
False
Is 119005769 prime?
True
Is 66205043 prime?
False
Is 141413 a composite number?
False
Is 376627 prime?
True
Is 106801 composite?
False
Is 4247039 a composite number?
False
Is 26927699 a prime number?
True
Is 258204307 a prime number?
True
Is 6820817 a prime n